r when 220244065 is divided by 74?
11
Calculate the remainder when 3355832 is divided by 4019.
3986
Calculate the remainder when 2850678 is divided by 15326.
42
Calculate the remainder when 207655 is divided by 68981.
712
Calculate the remainder when 40155 is divided by 26791.
13364
Calculate the remainder when 21138 is divided by 2730.
2028
Calculate the remainder when 4809718 is divided by 3882.
3802
Calculate the remainder when 364465 is divided by 1335.
10
Calculate the remainder when 505578 is divided by 126201.
774
What is the remainder when 122741 is divided by 40042?
2615
Calculate the remainder when 19117943 is divided by 89.
31
What is the remainder when 3485688 is divided by 21254?
32
What is the remainder when 2048734 is divided by 575?
9
What is the remainder when 248356 is divided by 248351?
5
Calculate the remainder when 7216071 is divided by 6210.
51
Calculate the remainder when 746090 is divided by 83.
3
Calculate the remainder when 76918 is divided by 463.
60
What is the remainder when 21045313 is divided by 10522651?
11
What is the remainder when 19138415 is divided by 4784587?
67
What is the remainder when 4141578 is divided by 393?
144
Calculate the remainder when 825082930 is divided by 13.
9
What is the remainder when 136339688 is divided by 113?
103
Calculate the remainder when 13288242 is divided by 2657644.
22
Calculate the remainder when 1693322 is divided by 105830.
42
Calculate the remainder when 78097 is divided by 3890.
297
Calculate the remainder when 90957 is divided by 45075.
807
Calculate the remainder when 10584626 is divided by 1370.
6
What is the remainder when 508813 is divided by 84796?
37
What is the remainder when 2496104 is divided by 356574?
86
Calculate the remainder when 2358566 is divided by 1104.
422
What is the remainder when 293430 is divided by 1858?
1724
What is the remainder when 20982934 is divided by 20982894?
40
Calculate the remainder when 137991 is divided by 842.
745
Calculate the remainder when 335146693 is divided by 17.
6
What is the remainder when 53268 is divided by 8877?
6
Calculate the remainder when 7114282 is divided by 151.
68
Calculate the remainder when 3135781 is divided by 1567890.
1
Calculate the remainder when 2563442 is divided by 111451.
69
What is the remainder when 19834690 is divided by 1101927?
4
What is the remainder when 1016310 is divided by 169382?
18
What is the remainder when 4116778 is divided by 546?
484
What is the remainder when 359193 is divided by 341?
120
What is the remainder when 97248 is divided by 22?
8
Calculate the remainder when 43238 is divided by 3692.
2626
Calculate the remainder when 814172 is divided by 1446.
74
What is the remainder when 259343 is divided by 850?
93
What is the remainder when 7892944 is divided by 3?
1
Calculate the remainder when 5583054 is divided by 596.
322
Calculate the remainder when 4074346 is divided by 5513.
239
What is the remainder when 12829029 is divided by 4572?
4569
What is the remainder when 19561277 is divided by 939?
29
What is the remainder when 357105595 is divided by 79?
78
Calculate the remainder when 70500116 is divided by 20.
16
What is the remainder when 18107 is divided by 5615?
1262
Calculate the remainder when 4077707 is divided by 407754.
167
What is the remainder when 582563 is divided by 3370?
2923
Calculate the remainder when 44928 is divided by 7488.
0
What is the remainder when 2864047 is divided by 11364?
319
What is the remainder when 105948 is divided by 17617?
246
What is the remainder when 16543473 is divided by 547?
5
Calculate the remainder when 780915 is divided by 111.
30
What is the remainder when 2230149 is divided by 743353?
90
Calculate the remainder when 772992 is divided by 110297.
913
Calculate the remainder when 83431 is divided by 9253.
154
What is the remainder when 12621192 is divided by 9?
6
Calculate the remainder when 155977 is divided by 17323.
70
What is the remainder when 27694320 is divided by 12617?
5
What is the remainder when 5770367 is divided by 84?
71
What is the remainder when 6289871 is divided by 22?
5
Calculate the remainder when 22183 is divided by 10625.
933
Calculate the remainder when 165373 is divided by 1126.
977
Calculate the remainder when 5465389 is divided by 133.
20
Calculate the remainder when 2954678 is divided by 54.
14
What is the remainder when 442235 is divided by 73?
1
Calculate the remainder when 81036 is divided by 20085.
696
What is the remainder when 1012076 is divided by 33?
32
Calculate the remainder when 193742183 is divided by 26.
11
What is the remainder when 70914 is divided by 16955?
3094
What is the remainder when 1002666 is divided by 10?
6
Calculate the remainder when 118836 is divided by 39592.
60
Calculate the remainder when 4858724 is divided by 121467.
44
Calculate the remainder when 6513723 is divided by 149.
39
Calculate the remainder when 486372 is divided by 812.
796
What is the remainder when 21665 is divided by 900?
65
What is the remainder when 43638 is divided by 43631?
7
Calculate the remainder when 148476 is divided by 5707.
94
Calculate the remainder when 1425263 is divided by 2951.
2881
Calculate the remainder when 155998476 is divided by 217.
214
What is the remainder when 46291067 is divided by 153?
152
Calculate the remainder when 3111038 is divided by 153.
89
Calculate the remainder when 3052666 is divided by 421.
416
Calculate the remainder when 61102 is divided by 494.
340
Calculate the remainder when 15548553 is divided by 7774257.
39
Calculate the remainder when 5995343 is divided by 1834.
1831
Calculate the remainder when 151523 is divided by 4450.
223
Calculate the remainder when 1613926 is divided by 201725.
126
Calculate the remainder when 343855 is divided by 725.
205
Calculate the remainder when 193215 is divided by 1522.
1443
What is the remainder when 32984231 is divided by 63?
14
What is the remainder when 47711123 is divided by 1925?
1923
What is the remainder when 56922592 is divided by 91?
90
Calculate the remainder when 718596 is divided by 4863.
3735
Calculate the remainder when 174905 is divided by 3993.
3206
What is the remainder when 40358557 is divided by 1265?
1262
Calculate the remainder when 1036964 is divided by 94268.
16
Calculate the remainder when 24477 is divided by 4786.
547
Calculate the remainder when 804764 is divided by 87.
14
What is the remainder when 69935 is divided by 69293?
642
Calculate the remainder when 858845 is divided by 30.
5
What is the remainder when 128851 is divided by 11470?
2681
What is the remainder when 12820447 is divided by 9164?
11
Calculate the remainder when 213487 is divided by 4.
3
What is the remainder when 267044 is divided by 1923?
1670
Calculate the remainder when 11835101 is divided by 423.
407
What is the remainder when 125500 is divided by 123321?
2179
Calculate the remainder when 1594938 is divided by 113923.
16
What is the remainder when 71539 is divided by 744?
115
Calculate the remainder when 84157 is divided by 367.
114
What is the remainder when 1930598 is divided by 983?
969
Calculate the remainder when 57651 is divided by 3835.
126
Calculate the remainder when 11915 is divided by 119.
15
Calculate the remainder when 223909 is divided by 3718.
829
What is the remainder when 457523 is divided by 18?
17
What is the remainder when 2740001 is divided by 522?
23
Calculate the remainder when 44422 is divided by 44061.
361
What is the remainder when 791834 is divided by 39591?
14
Calculate the remainder when 17549647 is divided by 109.
102
Calculate the remainder when 175048118 is divided by 16735.
18
Calculate the remainder when 2703825 is divided by 1257.
18
What is the remainder when 28490822 is divided by 1049?
1031
What is the remainder when 366414 is divided by 60?
54
What is the remainder when 22346636 is divided by 372?
224
Calculate the remainder when 176153248 is divided by 4450.
4448
Calculate the remainder when 62280 is divided by 613.
367
Calculate the remainder when 1148167 is divided by 222.
205
Calculate the remainder when 113697790 is divided by 72.
70
What is the remainder when 1247610 is divided by 110?
100
Calculate the remainder when 259710119 is divided by 12.
11
Calculate the remainder when 25605 is divid